{"id":104,"date":"2018-10-24T04:06:51","date_gmt":"2018-10-24T04:06:51","guid":{"rendered":"https:\/\/futuriodemos.com\/default-demo\/?page_id=104"},"modified":"2022-09-21T06:31:38","modified_gmt":"2022-09-21T06:31:38","slug":"quienes-somos","status":"publish","type":"page","link":"https:\/\/gisur.com.co\/index.php\/quienes-somos\/","title":{"rendered":"Qui\u00e9nes somos"},"content":{"rendered":"\t\t<div data-elementor-type=\"wp-page\" data-elementor-id=\"104\" class=\"elementor elementor-104\">\n\t\t\t\t\t\t\t\t\t<section class=\"elementor-section elementor-top-section elementor-element elementor-element-9ffbbb0 elementor-section-boxed elementor-section-height-default elementor-section-height-default\" data-id=\"9ffbbb0\" data-element_type=\"section\">\n\t\t\t\t\t\t<div class=\"elementor-container elementor-column-gap-default\">\n\t\t\t\t\t<div class=\"elementor-column elementor-col-100 elementor-top-column elementor-element elementor-element-25139d7f\" data-id=\"25139d7f\" data-element_type=\"column\">\n\t\t\t<div class=\"elementor-widget-wrap elementor-element-populated\">\n\t\t\t\t\t\t\t\t<div class=\"elementor-element elementor-element-1f305c1c elementor-widget elementor-widget-text-editor\" data-id=\"1f305c1c\" data-element_type=\"widget\" data-widget_type=\"text-editor.default\">\n\t\t\t\t<div class=\"elementor-widget-container\">\n\t\t\t<style>\/*! elementor - v3.16.0 - 12-09-2023 *\/\n.elementor-widget-text-editor.elementor-drop-cap-view-stacked .elementor-drop-cap{background-color:#69727d;color:#fff}.elementor-widget-text-editor.elementor-drop-cap-view-framed .elementor-drop-cap{color:#69727d;border:3px solid;background-color:transparent}.elementor-widget-text-editor:not(.elementor-drop-cap-view-default) .elementor-drop-cap{margin-top:8px}.elementor-widget-text-editor:not(.elementor-drop-cap-view-default) .elementor-drop-cap-letter{width:1em;height:1em}.elementor-widget-text-editor .elementor-drop-cap{float:left;text-align:center;line-height:1;font-size:50px}.elementor-widget-text-editor .elementor-drop-cap-letter{display:inline-block}<\/style>\t\t\t\t<p>La empresa se constituye en junio de 2020 mediante matr\u00edcula ante la C\u00e1mara de Comercio de Pasto como Sociedad por Acciones Simplificada.<\/p>\n<ul>\n<li>Actividad principal: Actividades de consultor\u00eda de gesti\u00f3n.<\/li>\n<li>Actividad secundaria: otras actividades profesionales, cient\u00edficas y t\u00e9cnicas.<\/li>\n<\/ul>\n<p>La empresa tiene un objeto social amplio que le permite prestar m\u00faltiples servicios con profesionales \u00e9ticamente competentes cuyos conocimientos, destrezas y habilidades les permiten crear, dise\u00f1ar, formular, fomentar, contratar, patrocinar, orientar, ejecutar, gestionar, facilitar, promover, implementar, participar, elaborar, asesorar, capacitar, administrar, controlar (interventor\u00edas), monitorear, evaluar pol\u00edticas, programas, planes, proyectos de diferentes sectores, teniendo en cuenta el entorno social, pol\u00edtico, econ\u00f3mico, cultural, cient\u00edfico, c\u00edvico, ambiental, ecol\u00f3gico, tecnol\u00f3gico, institucional, art\u00edstico y filos\u00f3fico, entre otros, que desarrollen el potencial existente a nivel local, regional y\/o nacional, y cualquier otra actividad civil y\/o comercial permitida por la ley.<\/p>\t\t\t\t\t\t<\/div>\n\t\t\t\t<\/div>\n\t\t\t\t\t<\/div>\n\t\t<\/div>\n\t\t\t\t\t\t\t<\/div>\n\t\t<\/section>\n\t\t\t\t\t\t\t<\/div>\n\t\t","protected":false},"excerpt":{"rendered":"<p>La empresa se constituye en junio de 2020 mediante matr\u00edcula ante la C\u00e1mara de Comercio de Pasto como Sociedad por Acciones Simplificada. Actividad principal: Actividades de consultor\u00eda de gesti\u00f3n. Actividad secundaria: otras actividades profesionales, cient\u00edficas y t\u00e9cnicas. La empresa tiene un objeto social amplio que le permite prestar m\u00faltiples servicios con profesionales \u00e9ticamente competentes cuyos&hellip;<\/p>\n","protected":false},"author":1,"featured_media":244,"parent":0,"menu_order":0,"comment_status":"closed","ping_status":"closed","template":"","meta":{"_mi_skip_tracking":false,"_monsterinsights_sitenote_active":false,"_monsterinsights_sitenote_note":"","_monsterinsights_sitenote_category":0,"footnotes":""},"class_list":["post-104","page","type-page","status-publish","has-post-thumbnail","hentry"],"aioseo_notices":[],"_links":{"self":[{"href":"https:\/\/gisur.com.co\/index.php\/wp-json\/wp\/v2\/pages\/104","targetHints":{"allow":["GET"]}}],"collection":[{"href":"https:\/\/gisur.com.co\/index.php\/wp-json\/wp\/v2\/pages"}],"about":[{"href":"https:\/\/gisur.com.co\/index.php\/wp-json\/wp\/v2\/types\/page"}],"author":[{"embeddable":true,"href":"https:\/\/gisur.com.co\/index.php\/wp-json\/wp\/v2\/users\/1"}],"replies":[{"embeddable":true,"href":"https:\/\/gisur.com.co\/index.php\/wp-json\/wp\/v2\/comments?post=104"}],"version-history":[{"count":10,"href":"https:\/\/gisur.com.co\/index.php\/wp-json\/wp\/v2\/pages\/104\/revisions"}],"predecessor-version":[{"id":481,"href":"https:\/\/gisur.com.co\/index.php\/wp-json\/wp\/v2\/pages\/104\/revisions\/481"}],"wp:featuredmedia":[{"embeddable":true,"href":"https:\/\/gisur.com.co\/index.php\/wp-json\/wp\/v2\/media\/244"}],"wp:attachment":[{"href":"https:\/\/gisur.com.co\/index.php\/wp-json\/wp\/v2\/media?parent=104"}],"curies":[{"name":"wp","href":"https:\/\/api.w.org\/{rel}","templated":true}]}}